 of n(y).
7, 13
What are the prime factors of 16432/237*9/6?
2, 13
List the prime factors of 30/1155*-7 - 67773/(-11).
61, 101
Let x be 3867/(-2) - 30/(-20). Let b be x/(-5) - (-9)/15. Suppose 7*j = 243 + b. List the prime factors of j.
2, 3, 5
Let z = 328 - 301. Suppose 13026 = 12*c + z*c. What are the prime factors of c?
2, 167
Let d(r) = -241*r - 14. Let g be -3*((-48)/9)/(-8). List the prime factors of d(g).
2, 3, 13
Let u(l) = 37*l**3 + 13*l**2 + 38*l - 149. What are the prime factors of u(9)?
28219
Let q(p) = -5*p + 11. Let m be q(-4). Suppose -28*o - 1509 = -m*o. What are the prime factors of o?
503
Let u(a) = 3*a**3 - 48*a**2 + 273*a + 102. List the prime factors of u(32).
2, 3, 5, 1933
Let g = 97 + -94. Suppose -7*k + 3*k + q = -19, -k + 3*q - 9 = 0. Suppose -g*a = k*a - 603. List the prime factors of a.
67
Let h be -1 + 1 - (-2 + 6). List the prime factors of h + 116*3 - -2.
2, 173
Suppose -3 + 7 = -2*o. List the prime factors of (-19 - -145)/(0 + (-3)/o).
2, 3, 7
Suppose -9 = 3*l - 24. Suppose -4*o = 2*h - 1050 - 74, -l*o + 4*h = -1379. List the prime factors of o.
3, 31
Suppose -13*n + 111903 = 20*n. What are the prime factors of n?
3391
Let r be ((16/(-6))/8)/(2/(-6)). Let w be (-1 + r/2)/(3/(-42)). Let n(z) = 15*z + 6. List the prime factors of n(w).
3, 37
Suppose 0 = 3*x - 2*z - 207831, 7*x - 4*z + 969958 = 21*x. What are the prime factors of x?
29, 2389
Let c = 31 + -24. Let u(t) = -t**3 + 6*t**2 + 7*t + 2. Let x be u(c). Suppose -x*g = -4*h - 0*g + 672, -514 = -3*h - g. What are the prime factors of h?
2, 5, 17
Suppose -3*d = -3*c + 6, -2*d + 2*c = d + 1. Suppose 12*k - d*k - 1314 = 0. What are the prime factors of 1*k/(1 - -1)?
73
Let q(h) = h**3 + 7*h**2 + 3*h + 24. Let v be q(-7). Suppose -v*p - 113 = -4*p. Suppose -p = -n + 3*r, 4*n + 3*r - 400 = 52. List the prime factors of n.
113
Suppose 2*f - 2685 = 5*x, x + 3217 = 5*f - 3507. Suppose -f = -12*m + 1847. What are the prime factors of m?
2, 7, 19
Suppose 9*a - 369 = 6*a. Let v = a - -290. What are the prime factors of v?
7, 59
Let r = -381 - -698. Let j = -624 - -1225. Suppose -6*q + j + r = 0. List the prime factors of q.
3, 17
Suppose -3*p - 48 = -63. Suppose p*k = 5*b - 1895, 761 = 2*b + 4*k - 3*k. What are the prime factors of b?
2, 5, 19
Suppose 2*y = -4*m - 26, -m + 1 - 21 = 5*y. Let v(p) = -17*p**2 + 4*p - 7. Let s be v(m). Let h = s - -671. What are the prime factors of h?
3, 73
Let d(g) = -1013*g - 8420. What are the prime factors of d(-28)?
2, 3, 277
Suppose 0 = 10*g - 16 - 4. Suppose n + 573 = 4*l, l + 6*n - g*n - 139 = 0. List the prime factors of l.
11, 13
Suppose 0 = -5*c + 5*n - 1590, 4*n + 1148 + 415 = -5*c. Let a = 603 + c. List the prime factors of a.
2, 3
List the prime factors of (36500 - 3) + ((-16)/(-2 - -6) - 3).
2, 5, 41, 89
Suppose 4*y + 1521 = -1159. Let f = 816 + y. List the prime factors of f.
2, 73
Let a = -9966 + 22945. List the prime factors of a.
12979
Let v(b) = 16*b - 205. Let w be v(13). List the prime factors of 4485/6 + w + 9/(-6).
7, 107
Let t(i) = -3 + 6 - 3 - i**2 + 18 + 13*i. Let c be t(14). Suppose 35 = m - 3*h, -m - c*h = -85 + 15. What are the prime factors of m?
2, 5
Suppose -59*m = -0*m - 57198 - 453742. List the prime factors of m.
2, 5, 433
Let w(u) = -52*u - 61. Let c(t) = 25*t + 30. Let l(s) = 5*c(s) + 3*w(s). List the prime factors of l(-17).
2, 13, 19
Let l = -2 - -7. Suppose 0*u + 360 = 2*v + l*u, -u - 4 = 0. What are the prime factors of (-10)/(-5)*v/4?
5, 19
Let l(j) = -3*j**3 + j**2 - 2*j - 3. Let u be l(-1). Suppose 0 = 2*h - 2*q - 82, -u*h - 3*q - 2*q = -99. List the prime factors of h.
2, 19
Suppose -n = -4*j + 107382, -4*n + 80546 = -11*j + 14*j. What are the prime factors of j?
2, 31, 433
Let w = 5 + 10. Let s = -217 + 202. List the prime factors of (-1326)/s - 2 - 6/w.
2, 43
Suppose -3*h + 2*y + 6438 = -6078, -2*h - 2*y + 8324 = 0. What are the prime factors of h?
2, 521
Let k(v) = 466*v - 1780. List the prime factors of k(6).
2, 127
Suppose 95752 = -11*k + 19*k. What are the prime factors of k?
11969
Let s(m) = 26*m - 5. Let g(w) = 5*w - 1. Let f(z) = -22*g(z) + 4*s(z). Let j be f(3). Let d = -1 - j. List the prime factors of d.
3, 5
Suppose 15*b - 5976 = 117204. What are the prime factors of b?
2, 2053
Let c(l) = -27*l - 175. Let h be c(-7). List the prime factors of (-7)/h + 2163/14.
2, 7, 11
Let j(v) = v**2 - 2. Let z be j(2). Suppose 267 = z*h - 463. List the prime factors of h.
5, 73
Let u(t) be the second derivative of t**4/3 - 11*t**3/3 - 3*t**2 - 35*t. List the prime factors of u(11).
2, 59
Let q = -1258 + 6138. Suppose -p + q = 7*p. List the prime factors of p.
2, 5, 61
Suppose -779 = -7*m + 9378. What are the prime factors of m?
1451
Let j be 8 - -13 - (-3 - -3). Suppose -15675 = -j*q + 2091. List the prime factors of q.
2, 3, 47
Let b = -67 + 14. Suppose 0 = j + 4*u + 34, -30 = -17*j + 18*j + 3*u. Let f = j - b. List the prime factors of f.
5, 7
Suppose -15*n + 67030 = -5*n. What are the prime factors of n?
6703
Suppose -39 = -8*f + 5*f. Let u(x) = 3*x**2 - 19*x + 30. Let q be u(f). Suppose 2*c - 4*h = 106, 5*h + q = 6*c - c. List the prime factors of c.
3, 7
Let p = 25397 + -2120. List the prime factors of p.
3, 7759
Let c be ((-3)/(-2))/(9 - (-62475)/(-6940)). Let j = 984 + c. What are the prime factors of j?
2, 5, 29
Suppose 4*g + 3*k - 49251 = 0, 14*k + 7 = 13*k. List the prime factors of g.
2, 3, 2053
Suppose -9772 = -4*z - 2*c, 22*z - 25*z + c = -7324. What are the prime factors of z?
2, 3, 11, 37
Suppose -79 = -2*o + 101. Suppose -i = -o - 26. List the prime factors of i.
2, 29
Suppose n - 5*w - 19 = -0*n, -5*n + 75 = -5*w. Let z be (-49)/n*(-1304)/14. Suppose 0 = -4*v + 1226 - z. What are the prime factors of v?
3, 5
Let x = -1353 - -11684. List the prime factors of x.
10331
Let j = 7773 - 1093. What are the prime factors of j?
2, 5, 167
Let v be (-262*1)/(8 - 445/55). Suppose -5*w + v - 380 = 4*y, 0 = -3*y - 4*w + 1877. Suppose 6*n + y = 13*n. List the prime factors of n.
89
Let c(o) be the first derivative of o**4/2 - 7*o**3/3 + 13*o**2/2 - 14*o - 18. What are the prime factors of c(9)?
2, 7, 71
Suppose -44 = -4*f + g, g = -f - 0*g + 16. Suppose -3*s + a - f = -237, -a = -4*s + 301. Let b = 133 - s. What are the prime factors of b?
3, 19
Let t be 6 - (-117)/26*(-2)/3. Let m be ((-196)/(-3))/(-2)*-3. Suppose -x - m = -w, 68 = w - t*x + 8*x. What are the prime factors of w?
3, 31
Let t be (-1 - 0)*641*-1. Suppose -5*o + t = -2169. List the prime factors of o.
2, 281
What are the prime factors of 58586/6 + -13*(-12)/234?
3, 5, 7, 31
Let c = 1 - -5. Let d(x) = x**3 - 4*x**2 + 5*x + 19. Let h be d(c). Let b = h - 78. What are the prime factors of b?
43
Let m = -225 - -238. Suppose m*g - 220 = 11*g. What are the prime factors of g?
2, 5, 11
Let u(d) = 170*d**3 - 3*d**2 + 20*d - 34. Let r be u(2). Let w = r + -683. List the prime factors of w.
11, 61
Suppose 451 = 2*o - 3*p, 3*p = o - p - 238. Suppose w = -5*f + 242, 4*w + o = 2*f + 1120. List the prime factors of w.
227
Suppose 2*n + 7494 = 4*o, -2*n = n - 9. What are the prime factors of o?
3, 5
Let u = 363 - 360. Suppose -3*c - 4*x = -4186, -u*x - x = 20. What are the prime factors of c?
2, 701
Let r = 113455 + -72072. What are the prime factors of r?
29, 1427
Let m = -7026 - -14418. List the prime factors of m.
2, 3, 7, 11
Suppose -2635 + 43275 = 20*q. Suppose 4*u - 4*a + 0*a - q = 0, 0 = -4*a + 4. What are the prime factors of u?
509
Suppose -13 = -4*j - 25. Let g be -474*-2*(-1)/j. Suppose -b + 4*v = 3*v - 69, -4*b - 4*v = -g. What are the prime factors of b?
2, 37
Let n be (-2 - 0)/(9/(1035/(-10))). Suppose -3*z = -4*x + n, 3*x = x + z + 9. Suppose -3*c = 3*t - 372, x*c - 2*t + 371 = 5*c. What are the prime factors of c?
3, 41
Let q(y) = y**3 + 15*y**2 + 5*y - 30. Suppose -o + 0*o = -2. Suppose 0*r - o*r = 28. What are the prime factors of q(r)?
2, 3
Let s(j) = 325*j - 332. List the prime factors of s(32).
2, 3, 839
Suppose 4 = 4*x, 39*g + 2*x = 41*g - 20058. What are the prime factors of g?
2, 5, 17, 59
Let m(d) = 805*d**2 - 68*d + 132. What are the prime factors of m(5)?
3, 2213
Suppose 3*y + 9*n = 7*n + 15580, -5*y = -5*n - 26000. Suppose 17*p - 1536 = y. List the prime factors of p.
2, 3, 11
Suppose 3*p - 29 = 142. Let r = p + -5